is the units digit of d?
6
Suppose 7494 = -11*c + 13*c + 2*n, 0 = c - 2*n - 3741. What is the hundreds digit of c?
7
Suppose 0 = -4*y + 7 + 9. What is the units digit of 2/1*(142/y + 0)?
1
Let b = 2474 + -2447. What is the tens digit of b?
2
Let y(j) = -3 + 55*j**2 - 41*j**2 + 5*j - 9. What is the tens digit of y(2)?
5
Let u = -56 - -56. Suppose -8*r + 4*r + 452 = u. What is the hundreds digit of r?
1
Suppose 2*i = -5*c + 12, 4*c - c - 3 = 3*i. Let p = i - 3. What is the units digit of (p - -2)/(-1) + 49?
9
Let i(g) = 22*g - 1. Let t be i(6). Let l = t + 16. Suppose -56 = -7*h + l. What is the tens digit of h?
2
Let a(m) be the first derivative of -m**4/4 - 4*m**3/3 - 3*m**2/2 + m - 2. Let n be a(-3). Let k = n - -1. What is the units digit of k?
2
Suppose -3*p + 39 = -0*p. Suppose b - 94 - p = 4*y, 3*y - 79 = -b. What is the tens digit of b?
9
Let l(j) = 9*j**3 + j**2. Let w be l(-1). What is the units digit of (62/w)/((-17)/204)?
3
Let b(j) = -4*j**2 - 10*j + 1. Let a(i) = 3*i**2 + 10*i - 2. Let x(h) = -5*a(h) - 4*b(h). Let q be 2/5 + (204/15 - 4). What is the units digit of x(q)?
6
Suppose -y + 14 = -3*m, -4*y + 20 = -2*y - 4*m. Suppose -y*x - s = -37 - 28, 3 = -3*s. What is the units digit of x?
3
Let s(z) be the second derivative of -z**5/20 + 7*z**4/6 + z**3 - 15*z**2/2 + 18*z. What is the units digit of s(14)?
9
Let p = -28 - -28. Suppose 0 = -p*s - 3*s + 276. What is the units digit of s?
2
Let y(f) = f**2 + 2. Let c(l) = -l**2 - 4*l + 5. Let k be c(-5). Let z be y(k). Suppose z*b - 6 = b. What is the units digit of b?
6
Let l(s) = s**3 + s**2 + 3*s + 7. Let j be l(-2). What is the tens digit of (-13)/(-4) + j + 981/12?
8
Suppose 0*f - 3*f = -834. What is the tens digit of f?
7
Suppose d - 14 = -9. Suppose -4*l + 66 + 110 = d*r, 2*l - 94 = -r. What is the units digit of l?
9
Let p(b) = -b**3 + 0*b**3 - b + 8*b + 8*b**2. What is the tens digit of p(4)?
9
Let r = 1340 + -887. What is the units digit of r?
3
Let h = -25 - -31. Suppose -h*b + 3 + 3 = 0. What is the units digit of b?
1
Suppose -2*l = -6*l + 56. Suppose 2*i - l = -2*d, -3*i + 6*d - d + 29 = 0. What is the units digit of (4 - 2)*(i + -1)?
4
Let i(a) = -a**2 - 45*a - 69. What is the hundreds digit of i(-25)?
4
Let l = 133 + -1. What is the units digit of l?
2
Let d = 110 + 601. What is the tens digit of d?
1
Suppose 4*s - 3*d = -49, -d = -s + d - 6. What is the units digit of (0 - -1)*2*(-8)/s?
1
What is the units digit of 8/(-2) - (3510 + 0)*-1?
6
Suppose 12 = 3*s - 0. Suppose s*h - 4*m = 0, -2*h + h + 2*m - 5 = 0. Suppose -h*i + 29 = -r + 2*r, 4*r - 116 = -4*i. What is the units digit of r?
9
Suppose 3*l = 5*q - 230 + 6028, -7738 = -4*l + 3*q. What is the tens digit of l?
3
Suppose 10175 = 14*n + 1663. What is the units digit of n?
8
Let b = -335 + 841. What is the units digit of b?
6
Let q(v) = -v**3 + 4*v**2 + 2*v + 12. Let u be q(5). What is the units digit of u/((-18)/552) + 0?
2
What is the units digit of 77985/95 + (-2)/(-19)?
1
Let d(a) = -a**2 + 6*a + 3. Let w be d(6). Suppose 1 = -g, -23 = -w*l + 5*g - 3. Suppose 5*k - 176 = 2*z + 51, 3*k - l*z = 140. What is the units digit of k?
5
Let z = -261 - -387. Suppose 3*l - 52 = -i, 3*i - 72 = 5*l + z. What is the tens digit of i?
6
Suppose 0 = g - 5*v - 10, -5*g - 5*v + 10*v = -30. Suppose 0 = g*r + b - 560, 41 = -r - 2*b + 153. What is the units digit of r?
2
Let u(r) = -90*r - 689. What is the hundreds digit of u(-25)?
5
Let w(i) = -35*i**2 + 1. Let h be w(1). Let q = 13 - h. What is the units digit of q?
7
Let c(d) = -d. Let g(x) = x**2 + 16*x + 13. Let z(o) = 5*c(o) + g(o). Let s be z(-10). Suppose 3*m = 18 - 3, s*m = 4*v - 121. What is the tens digit of v?
3
Let b = 568 - -865. What is the tens digit of b?
3
Let r(y) = y**2 + 2. Let z be r(-3). Suppose 4*b + 4*j + 8 = 2*b, -4*b + z = -j. Suppose -b = -v + 1. What is the units digit of v?
3
Suppose -4*s = -i - 11697, 3*s - 4*i = 11787 - 3024. What is the units digit of s?
5
Let f = -24 + 28. Suppose -a - 3*a - 4*m = -180, f*a = 5*m + 135. What is the units digit of a?
0
Suppose 9050 = 16*b - 2694. What is the units digit of b?
4
Suppose 15*f - 2*m + 186 = 17*f, f - 3*m = 81. What is the units digit of f?
0
Suppose 2716 = 4*h - 4*a, 0 = -4*h - 2*a + 1725 + 991. What is the tens digit of h?
7
Suppose -5*q + 5*k = -55, 0 = -q - 0*k + 2*k + 13. Suppose n - q = -2*n. Suppose -n*j + 99 = 2*c, c - 3*j + j - 39 = 0. What is the units digit of c?
5
Suppose -2*o + 8090 = -126*x + 122*x, 5*o - 3*x = 20211. What is the tens digit of o?
4
Let w be 0 - -2 - 2 - -2. Suppose -m = m - 3*i - 137, 0 = w*i - 6. What is the tens digit of m?
7
Let n(c) = 20*c**2 + 3*c - 2. Let f be n(-4). What is the units digit of ((-1)/3)/((-3)/f)?
4
Suppose -3*g + g + 11 = -x, 28 = 4*g + 4*x. Suppose 5*k - 224 = -3*k. What is the units digit of 3/2*k/g?
7
Let u = 640 - 376. Suppose -p - 2*p = h - 66, -4*h + 2*p + u = 0. Let v = h - 42. What is the units digit of v?
4
Let d be 4*5/(-2)*40/25. Let g(m) = 5*m**2 + 13*m - 18. Let c(p) = 6*p**2 + 13*p - 17. Let r(k) = -4*c(k) + 5*g(k). What is the units digit of r(d)?
6
Let b(p) = 12*p**2 + 13*p - 33. What is the units digit of b(4)?
1
Let y be (6 - -2)/(6/3). Suppose 2*f - 3*f + 2*u = -100, -4*f - y*u = -340. What is the units digit of f?
0
Let u(w) = w - 1. Let k be u(4). What is the hundreds digit of k - 3/(12/(-412))?
1
Let f = -22 + 31. Suppose 0 = -2*o - f + 1. Let j(q) = -2*q + 2. What is the units digit of j(o)?
0
Let w be -4 - (-1 + (-1 - -2)). What is the tens digit of w - (4 + -65 + 0)?
5
Let u(m) = m**2 - 15*m - 12. Let z(b) = 4*b - 12. Let v be z(7). Let c be u(v). What is the tens digit of (423/18)/(2/c)?
4
Let f = -273 - -581. Suppose 3*m = -5*a + 262, 4*a + 141 = 5*m - f. Let y = -37 + m. What is the tens digit of y?
5
Suppose -2*x - 38 = -3*d, 5*d - 2*d - 3*x = 42. Let h be -4 - d/(-2) - -12. Suppose h*o - 6*o = 147. What is the units digit of o?
1
Suppose 0 = -10*h + 5*h - 2*m + 5, 13 = h - 2*m. Suppose -2 - 16 = -h*w. What is the tens digit of 730/60 - 1/w?
1
Suppose 0 = -4*r - 2*b + 42, -8*r + 52 = -4*r + 4*b. Let u be ((-10)/r)/(3/(-12)). Let a(i) = i**3 - 7*i**2 + 11*i + 2. What is the units digit of a(u)?
7
Suppose 7059 = 6*w - 11661. What is the units digit of w?
0
Suppose -4*u - 493 = -5*v, -3*v + 4*u = -2*v - 89. What is the units digit of v?
1
Suppose -2*r - 4 = -28. Let p = r - 2. Suppose -5*w = -20, -p = -b + w + 2*w. What is the units digit of b?
2
Suppose 144 = 2*t + 4*q + 448, -4*t = 5*q + 617. Let f = -90 - t. What is the units digit of f?
8
Suppose -263*y + 61478 = -204*y. What is the units digit of y?
2
Suppose -f - d + 990 = 0, -8*d + 3961 = 4*f - 3*d. What is the tens digit of f?
8
Suppose 3*d - 8 - 4 = 0. Suppose -d*n - 5*b = -404, 2*b + 4 = 3*b. What is the tens digit of n?
9
Let w = -26 + 28. Suppose -3*f + 8*f - 2*b - 403 = 0, -2*f + w*b + 166 = 0. What is the units digit of f?
9
Let h(d) = -2*d + 10. Let f be h(7). Let m(n) = 2*n**2 + 5*n + 6. Let c be m(f). What is the units digit of (-12)/(-54) - (-1022)/c?
7
Let c be ((-8)/(-3) - 3)*6. What is the tens digit of 5 + -6 + (55 - c)?
5
Suppose 0 = 4*c + 12, -3*c - 35 = -3*g - 11. Let j = 36 + g. What is the units digit of j?
1
Suppose 2*r + 2*f + 38 = 0, 0*r - 4*f + 14 = -2*r. Let d = r - -17. Suppose -4*n + 36 = 2*j, -6*n + n = -d*j + 63. What is the units digit of j?
4
Suppose 34*x - 132580 = -36*x. What is the hundreds digit of x?
8
Let b be -5*2 - (3 + -3). Let g be (b - -8)*(-70)/4. Suppose g = 2*i - o + 1, i - 15 = o. What is the tens digit of i?
1
Let o(i) = -7*i**2 - i + 1. Let l be o(1). Let s = 82 + l. What is the tens digit of s?
7
Let r(h) = -h + 14. Let m be r(11). Let b(z) = -1 - z**3 - 6*z - 3*z**m + 2*z**3 - 4*z**2 - 4. What is the tens digit of b(-3)?
3
Suppose 9*a - 14106 = 3219. What is the thousands digit of a?
1
Suppose 0 = 5*p - 5, -3*p + 21 = 3*n - 0*n. Suppose j = 4*j - n. Suppose -j*m = -62 - 6. What is the tens digit of m?
3
Suppose 0 = 7*d - 4*d - 33. Suppose -d*j + 12*j = 17. What is the tens digit of j?
1
Let y(n) = -n**2 - n + 1. Let d be y(4). Let f = 35 + d. Suppose 0 = -5*a + 14 + f. What is the units digit of a?
6
Suppose 5 - 8 = 3*g. Let f be g/(-4) + (-22)/(-8). Suppose -f*k = -5*i - 40, 7 = 5*k - 2*i - 66. What is the units di